remainder when 629967 is divided by 233?
168
Calculate the remainder when 23087825 is divided by 231.
68
Calculate the remainder when 86937 is divided by 2112.
345
What is the remainder when 27818313 is divided by 1085?
1083
What is the remainder when 76508982 is divided by 366?
342
Calculate the remainder when 3421570 is divided by 2912.
2882
What is the remainder when 67002 is divided by 1066?
910
Calculate the remainder when 95391 is divided by 2171.
2038
Calculate the remainder when 12292 is divided by 5607.
1078
What is the remainder when 79883281 is divided by 877?
859
What is the remainder when 47781861 is divided by 2087?
2083
Calculate the remainder when 82338051 is divided by 19.
12
Calculate the remainder when 93381 is divided by 943.
24
Calculate the remainder when 619438 is divided by 154852.
30
What is the remainder when 729242 is divided by 17782?
180
What is the remainder when 9999163 is divided by 25771?
15
What is the remainder when 62651 is divided by 30148?
2355
What is the remainder when 28151071 is divided by 1005395?
11
Calculate the remainder when 5777031 is divided by 444381.
78
What is the remainder when 832136 is divided by 6499?
264
Calculate the remainder when 59316 is divided by 1960.
516
What is the remainder when 254385 is divided by 41505?
5355
Calculate the remainder when 46476748 is divided by 186.
184
What is the remainder when 259280 is divided by 10477?
7832
What is the remainder when 11136415 is divided by 32?
31
What is the remainder when 224213909 is divided by 18684492?
5
What is the remainder when 439569 is divided by 210?
39
Calculate the remainder when 86721591 is divided by 5.
1
Calculate the remainder when 42463259 is divided by 1407.
1406
What is the remainder when 2256065 is divided by 6373?
23
What is the remainder when 136161356 is divided by 318134?
4
Calculate the remainder when 2080 is divided by 244.
128
What is the remainder when 3932691 is divided by 68?
47
What is the remainder when 551635 is divided by 35?
0
Calculate the remainder when 45985 is divided by 43.
18
What is the remainder when 66604783 is divided by 22201591?
10
Calculate the remainder when 11574381 is divided by 2314869.
36
What is the remainder when 1356284 is divided by 406?
244
Calculate the remainder when 97372 is divided by 48630.
112
What is the remainder when 4458159 is divided by 122?
35
Calculate the remainder when 127458797 is divided by 63729394.
9
Calculate the remainder when 985080 is divided by 197000.
80
Calculate the remainder when 413756458 is divided by 47.
42
Calculate the remainder when 56043 is divided by 10786.
2113
Calculate the remainder when 2649 is divided by 959.
731
Calculate the remainder when 9213 is divided by 3287.
2639
What is the remainder when 1182044 is divided by 9?
2
Calculate the remainder when 59152 is divided by 10689.
5707
What is the remainder when 442577 is divided by 88274?
1207
What is the remainder when 42062680 is divided by 130?
10
What is the remainder when 186184 is divided by 116?
4
What is the remainder when 72353 is divided by 17016?
4289
Calculate the remainder when 39445 is divided by 39001.
444
What is the remainder when 761685 is divided by 14104?
69
What is the remainder when 65209 is divided by 31750?
1709
Calculate the remainder when 257858 is divided by 255981.
1877
What is the remainder when 37280 is divided by 17950?
1380
What is the remainder when 56348292 is divided by 94?
86
What is the remainder when 422702 is divided by 105389?
1146
Calculate the remainder when 102943630 is divided by 9523.
0
What is the remainder when 116288 is divided by 10535?
403
Calculate the remainder when 29552364 is divided by 7388091.
0
Calculate the remainder when 109902062 is divided by 43.
39
What is the remainder when 149458 is divided by 1892?
1882
Calculate the remainder when 96459401 is divided by 43.
38
Calculate the remainder when 20564 is divided by 3033.
2366
What is the remainder when 7843215 is divided by 108933?
39
What is the remainder when 17687 is divided by 5672?
671
What is the remainder when 18644 is divided by 2047?
221
What is the remainder when 11655875 is divided by 161887?
11
Calculate the remainder when 16956041 is divided by 1723.
1721
Calculate the remainder when 37375758 is divided by 214803.
36
Calculate the remainder when 2000282 is divided by 1835.
132
What is the remainder when 9689423 is divided by 89?
82
What is the remainder when 424225 is divided by 47131?
46
What is the remainder when 403299 is divided by 9616?
9043
Calculate the remainder when 148884 is divided by 1224.
780
Calculate the remainder when 5380609 is divided by 192.
1
What is the remainder when 3539543 is divided by 815?
813
Calculate the remainder when 55856 is divided by 1289.
429
Calculate the remainder when 4746553 is divided by 612.
493
Calculate the remainder when 3623413 is divided by 269.
252
Calculate the remainder when 305028 is divided by 884.
48
Calculate the remainder when 60075 is divided by 5453.
92
What is the remainder when 14872976 is divided by 138?
26
What is the remainder when 53503 is divided by 769?
442
What is the remainder when 777146 is divided by 256?
186
What is the remainder when 1670807 is divided by 4?
3
Calculate the remainder when 532589 is divided by 88736.
173
Calculate the remainder when 132548726 is divided by 44182902.
20
What is the remainder when 232995541 is divided by 989?
987
What is the remainder when 98366 is divided by 1211?
275
Calculate the remainder when 1100843 is divided by 237.
215
Calculate the remainder when 30220 is divided by 9789.
853
Calculate the remainder when 398111 is divided by 1479.
260
What is the remainder when 1047327 is divided by 2129?
1988
What is the remainder when 258034 is divided by 51586?
104
What is the remainder when 5403 is divided by 4022?
1381
Calculate the remainder when 96437493 is divided by 13.
9
Calculate the remainder when 20572508 is divided by 709394.
82
What is the remainder when 4217640 is divided by 335?
325
Calculate the remainder when 9263477 is divided by 494.
483
Calculate the remainder when 3607655 is divided by 33404.
23
What is the remainder when 2332857 is divided by 177?
174
What is the remainder when 95462 is divided by 47383?
696
What is the remainder when 3351150 is divided by 37235?
0
What is the remainder when 552339 is divided by 552324?
15
What is the remainder when 28313 is divided by 8562?
2627
Calculate the remainder when 7989917 is divided by 14.
5
What is the remainder when 273927 is divided by 136840?
247
What is the remainder when 561704 is divided by 187144?
272
What is the remainder when 228383284 is divided by 47?
38
Calculate the remainder when 6577668 is divided by 1256.
1252
What is the remainder when 4964086 is divided by 2534?
2514
Calculate the remainder when 42756 is divided by 5628.
3360
What is the remainder when 136322 is divided by 890?
152
Calculate the remainder when 1532761 is divided by 269.
268
What is the remainder when 4906521 is divided by 2453167?
187
What is the remainder when 174729 is divided by 5458?
73
Calculate the remainder when 161333 is divided by 161174.
159
What is the remainder when 1355389 is divided by 10843?
14
Calculate the remainder when 2815013 is divided by 1505.
663
Calculate the remainder when 191170 is divided by 32.
2
What is the remainder when 243578 is divided by 81189?
11
What is the remainder when 91224 is divided by 84608?
6616
What is the remainder when 18055214 is divided by 91?
86
What is the remainder when 47775172 is divided by 167046?
16
Calculate the remainder when 8838774 is divided by 626.
280
Calculate the remainder when 5681834 is divided by 601.
581
Calculate the remainder when 58995 is divided by 643.
482
What is the remainder when 790069663 is divided by 5313?
5311
What is the remainder when 4521059 is divided by 3588?
179
What is the remainder when 1232936 is divided by 1618?
20
Calculate the remainder when 14020561 is divided by 1357.
37
What is the remainder when 103526 is divided by 738?
206
Calculate the remainder when 778689 is divided by 31.
0
Calculate the remainder when 176793 is divided by 3214.
23
Calculate the remainder when 4005677 is divided by 2488.
2485
Calculate the remainder when